f 751662820?
2, 5, 17, 2210773
What are the prime factors of 1157011596?
2, 3, 13, 23, 47, 2287
List the prime factors of 633377273.
73, 8676401
What are the prime factors of 31760742?
2, 3, 13, 19, 29, 739
List the prime factors of 2403446624.
2, 3529, 21283
What are the prime factors of 9474915?
3, 5, 241, 2621
List the prime factors of 4976276934.
2, 3, 829379489
List the prime factors of 88779379.
13, 23, 296921
List the prime factors of 161390822.
2, 181, 397, 1123
List the prime factors of 72592185.
3, 5, 857, 5647
List the prime factors of 58057448.
2, 17, 426893
What are the prime factors of 23730507?
3, 421, 6263
List the prime factors of 672875372.
2, 13, 67, 193133
List the prime factors of 452977765.
5, 19, 61, 78167
What are the prime factors of 145372022?
2, 1021, 71191
What are the prime factors of 562193622?
2, 3, 19, 107, 569
What are the prime factors of 345803309?
12211, 28319
What are the prime factors of 494322080?
2, 5, 7, 441359
What are the prime factors of 27379709?
7, 47, 83221
List the prime factors of 1135218797.
23, 4019, 12281
List the prime factors of 5081096364.
2, 3, 467, 906691
What are the prime factors of 334407785?
5, 66881557
What are the prime factors of 419800025?
5, 23, 41, 17807
List the prime factors of 353123850.
2, 3, 5, 59, 39901
List the prime factors of 106615975.
5, 31, 47, 2927
List the prime factors of 976366683.
3, 5879, 6151
What are the prime factors of 2596763?
13, 199751
What are the prime factors of 31115727?
3, 3457303
List the prime factors of 50733774.
2, 3, 7, 13, 47, 659
What are the prime factors of 1082221160?
2, 5, 31, 739, 1181
What are the prime factors of 61093620?
2, 3, 5, 7, 48487
What are the prime factors of 6492657009?
3, 137, 907, 17417
List the prime factors of 133146714.
2, 3, 29, 765211
List the prime factors of 703431560.
2, 5, 13, 1352753
List the prime factors of 47340745.
5, 9468149
What are the prime factors of 16474408?
2, 1103, 1867
What are the prime factors of 36536531?
47, 777373
List the prime factors of 1374724646.
2, 687362323
What are the prime factors of 54846713?
54846713
What are the prime factors of 4246766390?
2, 5, 37, 11477747
What are the prime factors of 44249001?
3, 14749667
List the prime factors of 5063191710.
2, 3, 5, 23, 7337959
List the prime factors of 69015363.
3, 23005121
What are the prime factors of 1417287713?
41, 479, 72167
List the prime factors of 323746601.
323746601
What are the prime factors of 19123070?
2, 5, 1912307
What are the prime factors of 2084150620?
2, 5, 104207531
What are the prime factors of 112000258?
2, 37, 1513517
List the prime factors of 995916072.
2, 3, 97, 419, 1021
What are the prime factors of 700268811?
3, 11, 17, 71, 17581
List the prime factors of 248935521.
3, 643, 129049
What are the prime factors of 108165840?
2, 3, 5, 450691
List the prime factors of 288351239.
11, 19, 487, 2833
What are the prime factors of 1287527276?
2, 7, 45983117
List the prime factors of 28210224.
2, 3, 7, 113, 743
List the prime factors of 3985887215.
5, 797177443
List the prime factors of 571543776.
2, 3, 31, 2371
List the prime factors of 2209429523.
7, 2857, 110477
List the prime factors of 1273853158.
2, 223, 2856173
What are the prime factors of 401053690?
2, 5, 43, 932683
List the prime factors of 4720606073.
4720606073
What are the prime factors of 461877483?
3, 153959161
List the prime factors of 4042908872.
2, 569, 888161
List the prime factors of 26755090.
2, 5, 127, 21067
List the prime factors of 390212942.
2, 7, 27872353
What are the prime factors of 42566148?
2, 3, 79, 1663
List the prime factors of 86396088.
2, 3, 3599837
List the prime factors of 925523750.
2, 5, 41, 18059
List the prime factors of 75718938.
2, 3, 12619823
List the prime factors of 35200658.
2, 1193, 14753
What are the prime factors of 368396730?
2, 3, 5, 13, 499, 631
List the prime factors of 100261245.
3, 5, 7, 954869
List the prime factors of 137533363.
11, 131, 95443
What are the prime factors of 1126205506?
2, 19, 29636987
List the prime factors of 7791304885.
5, 7, 13, 59, 290233
What are the prime factors of 224626908?
2, 3, 11, 1701719
What are the prime factors of 320549685?
3, 5, 37, 41, 14087
List the prime factors of 1874930379.
3, 7, 59, 373, 4057
What are the prime factors of 415281642?
2, 3, 31, 157, 14221
List the prime factors of 3059563016.
2, 382445377
List the prime factors of 1445190020.
2, 5, 72259501
List the prime factors of 65497662.
2, 3, 3638759
List the prime factors of 909538495.
5, 181907699
List the prime factors of 2606745.
3, 5, 173783
What are the prime factors of 102266144?
2, 3195817
List the prime factors of 712585360.
2, 5, 8907317
List the prime factors of 304649948.
2, 76162487
What are the prime factors of 4979659416?
2, 3, 1153, 179953
What are the prime factors of 1805348766?
2, 3, 13, 173, 337, 397
What are the prime factors of 1720567517?
103, 149, 112111
List the prime factors of 197011481.
197011481
List the prime factors of 35094256.
2, 17, 129023
What are the prime factors of 57278709?
3, 43, 89, 1663
List the prime factors of 9260788.
2, 1103, 2099
What are the prime factors of 3271960343?
43, 67, 1135703
List the prime factors of 79466100.
2, 3, 5, 7, 79, 479
List the prime factors of 35096086.
2, 101, 173743
What are the prime factors of 55643367?
3, 13, 1426753
List the prime factors of 17875071.
3, 23, 86353
What are the prime factors of 9944612?
2, 2486153
What are the prime factors of 168455725?
5, 43, 156703
What are the prime factors of 55817717?
47, 59, 20129
What are the prime factors of 20768479?
20768479
List the prime factors of 1049008650.
2, 3, 5, 43, 103, 1579
What are the prime factors of 4286807120?
2, 5, 4639, 11551
List the prime factors of 98097937.
7, 14013991
List the prime factors of 210892461.
3, 13, 971, 5569
What are the prime factors of 181638225?
3, 5, 807281
List the prime factors of 5375523295.
5, 401, 2681059
What are the prime factors of 164817966?
2, 3, 27469661
List the prime factors of 283976533.
61, 193, 24121
What are the prime factors of 99326882?
2, 449, 110609
List the prime factors of 36795051.
3, 4088339
What are the prime factors of 615526152?
2, 3, 149, 172127
What are the prime factors of 4757632600?
2, 5, 7, 3398309
What are the prime factors of 239202099?
3, 83, 106739
List the prime factors of 134371279.
7, 391753
What are the prime factors of 195025798?
2, 11, 59, 347, 433
What are the prime factors of 4192233388?
2, 7, 17, 29, 83, 3659
What are the prime factors of 2046286748?
2, 11, 29, 1603673
List the prime factors of 57721274.
2, 13, 170773
List the prime factors of 68358787.
7, 1091, 8951
What are the prime factors of 40330221?
3, 13443407
List the prime factors of 3201484657.
7, 433, 1056247
List the prime factors of 51733747.
13, 173, 23003
What are the prime factors of 990852239?
13, 491, 11941
List the prime factors of 109006442.
2, 47, 71, 16333
What are the prime factors of 396960380?
2, 5, 647, 30677
What are the prime factors of 196655958?
2, 3, 3641777
What are the prime factors of 791546839?
31, 661, 38629
What are the prime factors of 3862690777?
11, 351153707
What are the prime factors of 1680473804?
2, 641, 647, 1013
List the prime factors of 12457503.
3, 439, 1051
What are the prime factors of 1865282269?
19, 98172751
What are the prime factors of 974633256?
2, 3, 17, 265423
List the prime factors of 73079356.
2, 7, 127, 20551
What are the prime factors of 222211890?
2, 3, 5, 181, 4547
List the prime factors of 2453292449.
61, 40217909
What are the prime factors of 21806200?
2, 5, 13, 8387
List the prime factors of 36908035.
5, 7381607
List the prime factors of 5037253424.
2, 7, 3769, 11933
List the prime factors of 6181943432.
2, 7, 113, 976919
List the prime factors of 251203329.
3, 13, 715679
What are the prime factors of 48697491?
3, 421, 38557
List the prime factors of 590349073.
23, 25667351
What are the prime factors of 141165052?
2, 7, 59, 85451
List the prime factors of 623866434.
2, 3, 103977739
List the prime factors of 82669790.
2, 5, 7, 1180997
What are the prime factors of 167157356?
2, 2857, 14627
List the prime factors of 148104961.
431, 343631
What are the prime factors of 42987872?
2, 59, 22769
List the